
3
Suppose 7 = 3*j - 8. What is the tens digit of 6/(-10) + 88/j?
1
Let t(m) = m**3 + 6*m**2 - 11*m + 5. What is the tens digit of t(-6)?
7
Let l(v) be the third derivative of v**4/24 - v**3 + 3*v**2. Let c be l(6). Suppose -3*b - 5*n - 1 = c, 4*b - 2*n - 1 = 41. What is the units digit of b?
8
Let h be ((-16)/6)/((-6)/9). Suppose 3*x + 3*j + 21 = 102, h*x - 5*j = 108. What is the units digit of x?
7
Let n(x) = x**2 + 8*x + 8. Let y be n(-7). What is the units digit of 1 - (0 - (y - 0))?
2
Let r(w) = w + 2*w**2 - 3*w**2 - 4 - 9*w. Let y be r(-7). Suppose 0 = y*x - 2*x - 4. What is the units digit of x?
4
Suppose -4*u - 121 + 13 = 0. Let q = -59 - u. Let t = q + 46. What is the units digit of t?
4
Let p be (-2)/(-2) + -3 + 0. What is the units digit of (0 - (p + 3))*-5?
5
Let q = 67 + -20. What is the tens digit of q?
4
What is the tens digit of 0 + (-24)/16 + 402/4?
9
Let t(a) = -a + 64. What is the tens digit of t(-20)?
8
Suppose 3*f = 13 + 2. Let g(b) = -b**2 + 6*b + 3. Let m be g(6). Suppose 0*i + m*i - 5*u = -2, f*i - 22 = 2*u. What is the units digit of i?
6
Suppose 2*h + 6 = j - 6, 4*j - 15 = -3*h. Suppose -3*f = 1 + 11. Let t = f + j. What is the units digit of t?
2
Suppose 58 = 4*o - 134. What is the tens digit of o?
4
Let d(n) = 15*n - 1. Let r be d(5). Suppose -2*s - 2 = u - r, 2*s = 3*u + 72. What is the tens digit of s?
3
Let s(l) = -l**3 - 8*l**2 - 7*l - 2. Let o be s(-7). What is the units digit of 8 + 0/(-4 - o)?
8
Let o(a) = a**2 - 9*a - 8. Let w be o(10). Suppose 2*z + 4 - w = 0. What is the units digit of z/4 + 9/4?
2
Suppose 29 = -4*s + j, 5*j - 15 = -s - 38. Let d(r) be the second derivative of -r**3/3 - 3*r**2 + r. What is the units digit of d(s)?
0
Let t(x) = x + 13. Let k be t(-7). Suppose -4*y = 2*b - 228, 2*y + k*b = 4*b + 110. What is the units digit of y?
9
Let x(l) = -14*l**3 + 1. Let f be x(1). Let d be (f/2 + 2)*-2. Suppose -3*h + d = -0*h. What is the units digit of h?
3
Let x = -3 + 6. What is the units digit of (18/(-4) + x)*-2?
3
Let t(h) be the first derivative of h**4/2 + 4*h**3/3 + 2*h**2 + 3*h + 2. Let v be t(-2). Let j = -2 - v. What is the units digit of j?
3
Suppose -s = 4*a - 331, 0 = -4*s - 5 - 15. Suppose 0 = -0*j + 4*j - a. What is the tens digit of j?
2
Let a(z) = z**3 - 16*z**2 + 17*z + 16. Let x(d) = -2*d**2 + 16*d + 1. Let g be x(7). What is the tens digit of a(g)?
4
What is the units digit of (18/(-30))/((-4)/860)?
9
Let a(n) = n**2 + 11*n - 10. Let l be a(-12). What is the units digit of 1/l + (-61)/(-2)?
1
Suppose 3*d = 3*j - 15, 4*j - 3*d - 21 = -j. Suppose -j*r + 8*r - 200 = 0. What is the units digit of r?
0
Suppose 3 = -t - 3*m, m = -3*t + 3*m + 2. Suppose t = -5*a + 35 - 0. What is the units digit of a?
7
Let u(v) = -4*v - 5. Let n be u(-8). Suppose -8 = -a + n. What is the units digit of a?
5
Suppose -8 = -2*l + 5*j, 0 = -l - 2*l - 4*j + 35. Let f be (15/5)/((-6)/(-4)). Suppose f*c = l + 7. What is the units digit of c?
8
What is the units digit of (21 + 3)/(0 - -1)?
4
Let u(o) = o**2 - 4*o + 1. Let w(n) = -9*n**2 - 8*n - 2. Let s(l) = l**3 - l**2. Let a(h) = -s(h) + w(h). Let g be a(-7). What is the units digit of u(g)?
6
Suppose 22 = 4*d + 5*v, 0 = -5*d + v + 19 - 6. Suppose u = d*u + 8. Let b = u - -8. What is the units digit of b?
4
Let d(n) = -n + 5. Let j be d(0). Suppose 2*v - 29 - 93 = 0. Suppose -3*k = -15, -j*g + g = -3*k - v. What is the units digit of g?
9
Let x(w) = 3*w**2 + 3. What is the units digit of x(-4)?
1
Let n(g) = -5*g**2 - 6*g + 5. Let p(m) = 11*m**2 + 12*m - 11. Let f(s) = 13*n(s) + 6*p(s). What is the units digit of f(8)?
5
Let a = -2 - -5. Suppose -m + 5*r = -24, a*r = -2*r - 10. What is the tens digit of m?
1
Let i(w) = -w**2 - 11*w + 2. Let v be i(-11). Suppose 30 = c + v*c. What is the units digit of c?
0
What is the units digit of (6 + -13)*(-12 - -2)?
0
Suppose 2 + 0 = m, -2*v + 28 = 2*m. What is the units digit of v?
2
Let b(k) = k**2 - 6*k - 1. Let x be b(6). Let y = -3 - x. Let j = -1 - y. What is the units digit of j?
1
Suppose -15 = -0*l + 5*l + 3*i, l - 3*i - 15 = 0. Suppose l = -0*b + 5*b - 190. What is the units digit of b?
8
Suppose -4*m = -4*c, -2*m - 4*c = -0*m - 18. What is the tens digit of -1 + 1 + 9*m?
2
Let q(j) = j**3 + 14*j**2 + 12*j - 8. Let y be q(-13). Suppose y*s - 203 = 3*i, 24 = -s - 5*i + 87. What is the tens digit of s?
4
Suppose -5*f - 2353 = 3972. What is the tens digit of f/(-25) + 3/(-5)?
5
Suppose -3*z - 2*z - 3*i + 228 = 0, 0 = 3*z - i - 134. What is the tens digit of z?
4
Let s be (2/7)/((-3)/(-21)). Let m be (s + 1)/((-2)/(-2)). Suppose m*q = -2*r + 34, -2*r = -3*q - r + 37. What is the tens digit of q?
1
Suppose 165 + 911 = 4*b. What is the tens digit of b?
6
What is the hundreds digit of (-3322)/44*1*-2?
1
Let n = -289 + 413. Let y = n - 89. What is the units digit of y?
5
What is the units digit of (5/4)/(-3 + 338/112)?
0
What is the tens digit of -2*(-17)/2 + -1?
1
Suppose -5*k + 807 = -4*a, 4*k - 3*a - 648 = -a. What is the units digit of k?
3
Suppose 4*n - 3*p - 17 = 2*n, -5*n = -p - 49. Suppose 2*o + 3*o - n = 0. What is the units digit of o?
2
Let t be 1/2 + 55/10. Suppose t*k - k - 20 = 0. What is the units digit of k?
4
Let g(o) = o**3 - 7*o**2 + o + 5. Let y be g(8). Suppose 3*i = -c + 28, 2*c + 2*i - y + 21 = 0. What is the tens digit of c?
2
Suppose 0 = -2*k + 6*k + 3*p - 52, k - 2 = 2*p. What is the tens digit of k?
1
What is the units digit of 93072/308 - 2/11?
2
Let n(r) = -8*r - 14. What is the units digit of n(-11)?
4
Let w(d) = 32*d + 1. Let z be w(1). Suppose -3*i + z = -0*i. What is the tens digit of i?
1
Suppose x + 3*x = 128. Suppose -j - j + x = 0. What is the units digit of j?
6
Suppose -f + 19 + 14 = 0. What is the tens digit of f?
3
Suppose 3*s - 2*i - 6 + 18 = 0, 1 = 4*s + 3*i. What is the units digit of 9/(-6)*s/3?
1
Suppose 2 + 7 = -3*z + 3*q, -16 = -3*z - 2*q. Suppose -2 = g + z. Let f(h) = -h**2 - 4*h + 5. What is the units digit of f(g)?
5
Suppose -5*p + 277 = 3*l, -6*p + l = -7*p + 55. What is the units digit of p?
6
Let w(c) = -3*c**3 - c**2 + 3*c + 3. What is the units digit of w(-2)?
7
Suppose -4*o + 3 + 1 = 0. Let m be (-2)/(o*(-1)/8). Suppose 2*j - 2 = l + 2, 5*l - m = j. What is the units digit of j?
4
Let o(w) = w**2 - 10 - 3*w**2 + 3*w**2 - 5*w. Let g be o(7). Suppose -g*d + 45 = m, 2*d - 21 = 3*m + 12. What is the units digit of d?
2
Let x(u) = 2*u + 15. What is the units digit of x(-5)?
5
Let f = 8 + -11. Let p(y) be the third derivative of y**6/120 + y**5/12 + 5*y**4/24 + 2*y**3/3 + 3*y**2. What is the units digit of p(f)?
7
Let i(w) = -w**3 + 3*w**2 + 5*w - 2. Suppose 0 = 5*q - q - 16. Let r be i(q). Suppose -r*n = -3*n + 9. What is the units digit of n?
9
Let g(s) = 7*s**3 + s**2 - s - 1. Let m be g(-1). Let a = m - -10. What is the units digit of a?
4
Let a be 63/15 - (-3)/(-15). Let w(v) = -2*v + v**3 - v - 3*v**2 + 1 + v. What is the units digit of w(a)?
9
Let z(v) = -v**2 - v - 1. Let d(u) = 2*u**2 + u + 1. Let j(n) = -6*d(n) - 13*z(n). What is the units digit of j(-9)?
5
Suppose 5*m - t - 140 = 0, -121 = -4*m - t - 18. What is the units digit of m?
7
Let g = -54 - -120. What is the tens digit of g?
6
Suppose -y + 9 = -4*y. What is the units digit of 1/(-1 + (-6)/y)?
1
Suppose -4*j = -5*h - 54, 0*j - 4*h = -2*j + 24. What is the tens digit of j?
1
Let j be -4*(-1 - (-146)/(-4)). Let w be j/35 + 2/(-7). Let u = w - 1. What is the units digit of u?
3
Let x = -60 + 91. What is the units digit of x?
1
Let b = 0 - -7. What is the units digit of b?
7
Let v(r) = 4*r**2 - 10*r + 2. What is the units digit of v(4)?
6
Suppose 0*w + w = 4. Suppose 18 = l + 3*l - z, -w = 2*z. What is the units digit of 1/(13/l - 3)?
4
What is the units digit of 2 - (-3)/(6/68)?
6
Let q(o) = -o**2 - 16*o + 28. What is the units digit of q(-10)?
8
Let w(q) = 3*q**3 - 2*q**2 - q - 2. What is the units digit of w(2)?
2
Let n = -2 - -8. Suppose -2*g - 2 + n = 0. Suppose -c = g*c - 42. What is the tens digit of c?
1
Let j be (-2)/((-6)/4 + 1). Suppose -j*s - k = 27, -2*s + 5*s + 4 = -4*k. What is the units digit of (-12)/s*(-4)/(-6)?
1
Let d(k) = -2*k - 9. Let s(t) = -t - 3. Let f be s(-6). Suppose 2 = f*b + 20. What is the units digit of d(b)?
3
Let q(d) = -d**3 - d**2 + d + 7. Let o be q(0). Suppose